{"id":1134,"date":"2015-12-02T13:42:32","date_gmt":"2015-12-02T13:42:32","guid":{"rendered":"http:\/\/mdgalmond.com\/?page_id=1134"},"modified":"2018-10-25T12:36:22","modified_gmt":"2018-10-25T12:36:22","slug":"contacto","status":"publish","type":"page","link":"https:\/\/mdgalmond.com?page_id=1134","title":{"rendered":"Contacto"},"content":{"rendered":"<div  class=\"row wpb_row row-fluid\"><div class=\"wpb_column vc_column_container col-sm-12\"><div class=\"wpb_wrapper\">\n\t<div class=\"wpb_text_column wpb_content_element \">\n\t\t<div class=\"wpb_wrapper\">\n\t\t\t<h3 style=\"text-align: justify;\">Si puedes imaginarlo puedes hacerlo, no hay barreras para el mundo del dise\u00f1o. Te ayudaremos a materializar tus sue\u00f1os e ilusiones<\/h3>\n\n\t\t<\/div>\n\t<\/div>\n<\/div><\/div><\/div>    <div  class=\"row wpb_row row-fluid\"><div class=\"wpb_column vc_column_container col-sm-4\"><div class=\"wpb_wrapper\">\n\t<div class=\"wpb_text_column wpb_content_element \">\n\t\t<div class=\"wpb_wrapper\">\n\t\t\t<h4>DATOS DE CONTACTO:<\/h4>\n\n\t\t<\/div>\n\t<\/div>\n<\/div><\/div><div class=\"wpb_column vc_column_container col-sm-4\"><div class=\"wpb_wrapper\">\n\t<div class=\"wpb_text_column wpb_content_element \">\n\t\t<div class=\"wpb_wrapper\">\n\t\t\t<h4 style=\"text-align: justify;\">Estudio:<\/h4>\n<p><span style=\"color: #be961e;\"><a style=\"color: #be961e;\" href=\"#\">MADRID (ESPA\u00d1A)<\/a><\/span><\/p>\n<p><span style=\"color: #be961e;\"><a style=\"color: #be961e;\" href=\"#\">(+34) 912 656 142<\/a><\/span><\/p>\n<p><span style=\"color: #be961e;\"><a style=\"color: #be961e;\" href=\"#\">(+34) 639 349 718<\/a><\/span><\/p>\n<p><span style=\"color: #be961e;\"><a style=\"color: #be961e;\" href=\"mailto:studio@mdgalmond.com\">studio@mdgalmond.com<\/a><\/span><\/p>\n\n\t\t<\/div>\n\t<\/div>\n<\/div><\/div><div class=\"wpb_column vc_column_container col-sm-4\"><div class=\"wpb_wrapper\">\n\t<div class=\"wpb_text_column wpb_content_element \">\n\t\t<div class=\"wpb_wrapper\">\n\t\t\t<h4 style=\"text-align: justify;\">MDG Almond en:<\/h4>\n<p><span style=\"color: #be961e;\"><a style=\"color: #be961e;\" href=\"https:\/\/www.facebook.com\/MDGAlmond\" target=\"_blank\">Facebook<\/a><\/span><\/p>\n<p><span style=\"color: #be961e;\"><a style=\"color: #be961e;\" href=\"https:\/\/instagram.com\/mdgalmond\/\" target=\"_blank\">Instagram<\/a><\/span><\/p>\n<p><span style=\"color: #be961e;\"><a style=\"color: #be961e;\" href=\"https:\/\/www.linkedin.com\/company\/mdg-almond?trk=nav_account_sub_nav_company_admin\" target=\"_blank\">Linkedin<\/a><\/span><\/p>\n<p><span style=\"color: #be961e;\"><a style=\"color: #be961e;\" href=\"https:\/\/www.pinterest.com\/MDGAlmond\/\" target=\"_blank\">Pinterest<\/a><\/span><\/p>\n<p><span style=\"color: #be961e;\"><a style=\"color: #be961e;\" href=\"https:\/\/twitter.com\/MDGAlmond\" target=\"_blank\">Twitter <\/a><\/span><\/p>\n<p><span style=\"color: #be961e;\"><a style=\"color: #be961e;\" href=\"https:\/\/vimeo.com\/mdgalmond\" target=\"_blank\">Vimeo<\/a><\/span><\/p>\n\n\t\t<\/div>\n\t<\/div>\n<\/div><\/div><\/div>\n<div class=\"wpcf7 no-js\" id=\"wpcf7-f1948-o1\" lang=\"en-US\" dir=\"ltr\" data-wpcf7-id=\"1948\">\n<div class=\"screen-reader-response\"><p role=\"status\" aria-live=\"polite\" aria-atomic=\"true\"><\/p> <ul><\/ul><\/div>\n<form action=\"\/index.php?rest_route=%2Fwp%2Fv2%2Fpages%2F1134#wpcf7-f1948-o1\" method=\"post\" class=\"wpcf7-form init\" aria-label=\"Formulario de contacto\" novalidate=\"novalidate\" data-status=\"init\">\n<fieldset class=\"hidden-fields-container\"><input type=\"hidden\" name=\"_wpcf7\" value=\"1948\" \/><input type=\"hidden\" name=\"_wpcf7_version\" value=\"6.1.1\" \/><input type=\"hidden\" name=\"_wpcf7_locale\" value=\"en_US\" \/><input type=\"hidden\" name=\"_wpcf7_unit_tag\" value=\"wpcf7-f1948-o1\" \/><input type=\"hidden\" name=\"_wpcf7_container_post\" value=\"0\" \/><input type=\"hidden\" name=\"_wpcf7_posted_data_hash\" value=\"\" \/>\n<\/fieldset>\n<div class=\"contact-form-holder\">\n\t<div id=\"contact-form\">\n\t\t<p><span class=\"wpcf7-form-control-wrap\" data-name=\"your-name\"><input size=\"40\" maxlength=\"400\" class=\"wpcf7-form-control wpcf7-text wpcf7-validates-as-required\" aria-required=\"true\" aria-invalid=\"false\" placeholder=\"Nombre\" value=\"\" type=\"text\" name=\"your-name\" \/><\/span><br \/>\n<span class=\"wpcf7-form-control-wrap\" data-name=\"your-email\"><input size=\"40\" maxlength=\"400\" class=\"wpcf7-form-control wpcf7-email wpcf7-validates-as-required wpcf7-text wpcf7-validates-as-email\" aria-required=\"true\" aria-invalid=\"false\" placeholder=\"E-mail\" value=\"\" type=\"email\" name=\"your-email\" \/><\/span><br \/>\n<span class=\"wpcf7-form-control-wrap\" data-name=\"your-message\"><textarea cols=\"40\" rows=\"10\" maxlength=\"2000\" class=\"wpcf7-form-control wpcf7-textarea wpcf7-validates-as-required\" aria-required=\"true\" aria-invalid=\"false\" placeholder=\"Mensaje\" name=\"your-message\"><\/textarea><\/span><br \/>\n<input class=\"wpcf7-form-control wpcf7-submit has-spinner\" id=\"submit\" type=\"submit\" value=\"Enviar\" \/>\n\t\t<\/p>\n\t<\/div>\n<\/div>\n<div class=\"clearfix\">\n<\/div><p style=\"display: none !important;\" class=\"akismet-fields-container\" data-prefix=\"_wpcf7_ak_\"><label>&#916;<textarea name=\"_wpcf7_ak_hp_textarea\" cols=\"45\" rows=\"8\" maxlength=\"100\"><\/textarea><\/label><input type=\"hidden\" id=\"ak_js_1\" name=\"_wpcf7_ak_js\" value=\"70\"\/><script>document.getElementById( \"ak_js_1\" ).setAttribute( \"value\", ( new Date() ).getTime() );<\/script><\/p><div class=\"wpcf7-response-output\" aria-hidden=\"true\"><\/div>\n<\/form>\n<\/div>\n    <div  class=\"row wpb_row row-fluid\"><div class=\"wpb_column vc_column_container col-sm-12\"><div class=\"wpb_wrapper\"><div class=\"vc_separator wpb_content_element vc_separator_align_center vc_sep_width_100 vc_sep_pos_align_center vc_separator_no_text vc_sep_color_grey\"><span\n\t\tclass=\"vc_sep_holder vc_sep_holder_l\"><span\t\t\tclass=\"vc_sep_line\"><\/span><\/span><span\n\t\tclass=\"vc_sep_holder vc_sep_holder_r\"><span class=\"vc_sep_line\"><\/span><\/span>\n\t<\/div>\n<\/div><\/div><\/div>    <div  class=\"row wpb_row row-fluid\"><div class=\"wpb_column vc_column_container col-sm-12\"><div class=\"wpb_wrapper\">\n\t<div class=\"wpb_text_column wpb_content_element \">\n\t\t<div class=\"wpb_wrapper\">\n\t\t\t<p style=\"text-align: justify;\">De acuerdo con lo dispuesto por la Ley Org\u00e1nica 15\/1999, de 13 de diciembre, de Protecci\u00f3n de Datos de car\u00e1cter personal, le informamos que sus datos ser\u00e1n incorporados a un fichero responsabilidad de MGD Almond y que ser\u00e1n tratados con la finalidad de proporcionar informaci\u00f3n acerca de productos y servicios relacionados con la actividad de MGD Almond y sus iniciativas. Asimismo, le comunicamos que podr\u00e1 usted ejercitar los derechos de acceso, rectificaci\u00f3n, cancelaci\u00f3n y oposici\u00f3n dirigi\u00e9ndose a MGD Almond en la direcci\u00f3n de correo electr\u00f3nico <a href=\"mailto:studio@mdgalmond.com\">studio@mdgalmond.com<\/a><\/p>\n\n\t\t<\/div>\n\t<\/div>\n<\/div><\/div><\/div>\n","protected":false},"excerpt":{"rendered":"Si puedes imaginarlo puedes hacerlo, no hay barreras para el mundo del dise\u00f1o. Te ayudaremos a materializar tus sue\u00f1os e ilusiones DATOS DE CONTACTO: Estudio: MADRID (ESPA\u00d1A) (+34) 912 656 142 (+34) 639 349 718 studio@mdgalmond.com MDG Almond en: Facebook Instagram Linkedin Pinterest Twitter Vimeo &#916;document.getElementById( \"ak_js_2\" ).setAttribute( \"value\", ( new Date() ).getTime() ); De...","protected":false},"author":4,"featured_media":0,"parent":0,"menu_order":0,"comment_status":"closed","ping_status":"closed","template":"page-fullcontent.php","meta":{"footnotes":""},"class_list":["post-1134","page","type-page","status-publish","hentry"],"_links":{"self":[{"href":"https:\/\/mdgalmond.com\/index.php?rest_route=\/wp\/v2\/pages\/1134","targetHints":{"allow":["GET"]}}],"collection":[{"href":"https:\/\/mdgalmond.com\/index.php?rest_route=\/wp\/v2\/pages"}],"about":[{"href":"https:\/\/mdgalmond.com\/index.php?rest_route=\/wp\/v2\/types\/page"}],"author":[{"embeddable":true,"href":"https:\/\/mdgalmond.com\/index.php?rest_route=\/wp\/v2\/users\/4"}],"replies":[{"embeddable":true,"href":"https:\/\/mdgalmond.com\/index.php?rest_route=%2Fwp%2Fv2%2Fcomments&post=1134"}],"version-history":[{"count":25,"href":"https:\/\/mdgalmond.com\/index.php?rest_route=\/wp\/v2\/pages\/1134\/revisions"}],"predecessor-version":[{"id":4003,"href":"https:\/\/mdgalmond.com\/index.php?rest_route=\/wp\/v2\/pages\/1134\/revisions\/4003"}],"wp:attachment":[{"href":"https:\/\/mdgalmond.com\/index.php?rest_route=%2Fwp%2Fv2%2Fmedia&parent=1134"}],"curies":[{"name":"wp","href":"https:\/\/api.w.org\/{rel}","templated":true}]}}